 is the highest common divisor of 2956 and 3044?
4
Calculate the highest common factor of 175 and 581.
7
What is the greatest common factor of 4200 and 110061?
21
What is the greatest common factor of 821920 and 352?
352
What is the highest common factor of 378 and 53109?
189
Calculate the highest common divisor of 245 and 83153.
49
What is the highest common divisor of 207 and 25392?
69
What is the highest common divisor of 33061 and 49?
7
Calculate the highest common divisor of 10 and 177635.
5
What is the highest common divisor of 27798 and 24?
6
What is the highest common divisor of 53064 and 1072?
536
Calculate the greatest common factor of 5110 and 25915.
365
What is the greatest common divisor of 12717025 and 47?
47
Calculate the highest common divisor of 1747601 and 376.
47
What is the greatest common factor of 2996 and 135248?
428
Calculate the greatest common divisor of 24 and 212748.
12
Calculate the highest common divisor of 147 and 41993.
49
Calculate the greatest common factor of 78 and 36608.
26
Calculate the greatest common divisor of 2035566 and 36.
18
What is the highest common factor of 211827 and 49?
49
What is the highest common factor of 73555 and 470?
235
Calculate the highest common factor of 20469 and 90.
3
What is the greatest common divisor of 1649 and 215728?
97
What is the greatest common factor of 28008 and 168?
24
What is the greatest common factor of 4 and 5554?
2
What is the highest common divisor of 32710 and 55?
5
What is the greatest common factor of 176 and 165?
11
What is the greatest common factor of 22653 and 432?
27
What is the highest common divisor of 515 and 361427?
103
What is the highest common factor of 102648 and 504?
168
Calculate the greatest common divisor of 89033 and 805.
161
Calculate the highest common divisor of 878 and 224.
2
Calculate the highest common factor of 118 and 4639937.
59
Calculate the greatest common factor of 110 and 20009.
11
Calculate the greatest common divisor of 107 and 41623.
107
What is the highest common divisor of 19245 and 15?
15
Calculate the greatest common divisor of 835 and 81997.
167
Calculate the highest common factor of 124195 and 295.
295
What is the highest common factor of 60 and 5365?
5
Calculate the highest common divisor of 674497 and 113.
113
Calculate the greatest common factor of 18654 and 1446.
6
What is the greatest common factor of 10332 and 3500?
28
What is the greatest common divisor of 527 and 238?
17
What is the highest common divisor of 570 and 833730?
30
Calculate the greatest common factor of 48764 and 16.
4
Calculate the highest common factor of 1080 and 2376.
216
Calculate the greatest common divisor of 230 and 8402.
2
Calculate the greatest common divisor of 11 and 32054.
11
Calculate the highest common factor of 5026 and 497.
7
What is the greatest common factor of 65 and 92125?
5
Calculate the highest common divisor of 275961 and 34.
17
What is the highest common factor of 77952 and 56?
56
What is the highest common divisor of 118 and 1359419?
59
What is the greatest common divisor of 1232 and 462?
154
What is the highest common divisor of 11740565 and 905?
905
What is the greatest common divisor of 113632 and 800?
32
Calculate the greatest common divisor of 1156 and 120.
4
Calculate the greatest common factor of 847 and 352957.
121
What is the greatest common divisor of 36834 and 11886?
42
What is the greatest common factor of 13889 and 145350?
323
What is the highest common factor of 586548 and 216?
108
Calculate the greatest common factor of 1348 and 3214306.
674
What is the greatest common divisor of 84897 and 36?
9
Calculate the greatest common divisor of 9383928 and 71.
71
Calculate the highest common divisor of 2522926 and 3070.
614
Calculate the highest common factor of 2511 and 158286.
93
What is the greatest common divisor of 4 and 7677?
1
What is the highest common factor of 1860 and 145731?
93
What is the greatest common divisor of 4472884 and 13?
13
What is the highest common factor of 1060 and 6080?
20
What is the highest common factor of 12354 and 1272?
6
Calculate the greatest common factor of 4995 and 1850.
185
What is the highest common divisor of 53454 and 2478?
354
What is the highest common divisor of 24 and 1724868?
12
What is the greatest common divisor of 33280 and 2340?
260
Calculate the highest common factor of 383541 and 739.
739
What is the greatest common factor of 450 and 11538?
18
What is the highest common factor of 358 and 3603986?
358
What is the highest common factor of 14968 and 8?
8
What is the highest common divisor of 98304 and 24?
24
What is the greatest common factor of 20822 and 464?
58
Calculate the greatest common divisor of 159 and 494331.
159
What is the greatest common factor of 969 and 181089?
57
Calculate the greatest common factor of 479 and 1873369.
479
What is the greatest common divisor of 20 and 1828?
4
What is the greatest common divisor of 63420 and 20?
20
What is the greatest common factor of 325 and 9595?
5
What is the highest common divisor of 2790535 and 165?
55
Calculate the greatest common factor of 1283231 and 227.
227
What is the highest common divisor of 7026 and 970759?
1171
What is the highest common divisor of 367536 and 39?
39
What is the greatest common factor of 27 and 159921?
27
What is the highest common divisor of 2 and 20149?
1
Calculate the highest common factor of 5938 and 7.
1
What is the greatest common divisor of 247 and 11134?
19
What is the highest common factor of 360 and 124730?
10
What is the greatest common divisor of 77 and 161623?
77
Calculate the highest common divisor of 291958 and 17.
17
What is the greatest common divisor of 4 and 43882?
2
Calculate the highest common factor of 4879 and 922828.
697
Calculate the greatest common factor of 1550 and 45353.
31
Calculate the highest common factor of 424 and 44573.
53
What is the highest common divisor of 2543781 and 141?
141
What is the highest common divisor of 150 and 35304?
6
What is the greatest common divisor of 374 and 16918?
22
Calculate the highest common factor of 608 and 11824.
16
What is the highest common divisor of 232790 and 10?
10
What is the highest common factor of 18 and 364782?
6
What is the highest common divisor of 10147 and 1314?
73
What is the highest common factor of 114838 and 268?
134
Calculate the highest common factor of 5453 and 38.
19
What is the highest common factor of 17 and 202351?
17
What is the highest common divisor of 2961 and 2121?
21
Calculate the greatest common divisor of 393520 and 560.
80
What is the highest common factor of 338071 and 1081?
47
Calculate the greatest common factor of 640 and 45152.
32
What is the highest common divisor of 374 and 14399?
187
What is the greatest common factor of 34 and 12206?
34
What is the highest common factor of 84328 and 23368?
1016
Calculate the greatest common factor of 324 and 37746.
162
What is the greatest common factor of 606332 and 58?
58
What is the greatest common factor of 27 and 5310?
9
Calculate the greatest common divisor of 52487 and 219.
73
Calculate the highest common divisor of 212 and 75154.
106
Calculate the highest common factor of 2156 and 247401.
539
What is the greatest common factor of 11729 and 1073?
37
Calculate the highest common divisor of 53349 and 2.
1
What is the greatest common factor of 2070 and 9890?
230
Calculate the highest common divisor of 1556536 and 8.
8
What is the highest common factor of 20 and 359950?
10
Calculate the highest common divisor of 569920 and 10.
10
Calculate the greatest common factor of 3233 and 2067.
53
Calculate the highest common factor of 1941 and 23939.
647
Calculate the highest common divisor of 496057 and 233.
233
What is the greatest common divisor of 285296 and 528?
176
What is the highest common factor of 684 and 1121760?
684
Calculate the greatest common factor of 72 and 277596.
36
Calculate the highest common divisor of 14371902 and 67.
67
What is the greatest common factor of 29262 and 60?
6
What is the highest common factor of 398 and 6743314?
398
Calculate the highest common divisor of 99 and 243430.
11
Calculate the highest common divisor of 16930 and 45.
5
What is the highest common factor of 848574 and 18?
18
Calculate the highest common d